86. What is g(-10)?
554
Let t(m) = 19*m**2 + 7666*m + 3706. What is t(-403)?
79
Let i(w) = -206*w + 14239. What is i(56)?
2703
Let o(b) = -3*b**2 - 351*b - 757. Determine o(-109).
1859
Let p(f) = f**2 + 660*f + 18179. Calculate p(-27).
1088
Let f(o) = o**3 - 125*o**2 + 717*o - 86. What is f(6)?
-68
Let b(v) = -v**3 + 17*v**2 - 1954*v + 33226. What is b(17)?
8
Let x(y) = y**3 - 212*y**2 - 29*y + 6189. What is x(212)?
41
Let n(b) = 739*b**3 + 8*b**2 + 62*b + 55. Calculate n(-1).
-738
Let i(n) = 1840*n - 3093023. What is i(1681)?
17
Let d(m) = -570*m - 3767. Give d(-6).
-347
Let t(s) = 2*s**2 + 1868*s + 240246. What is t(-154)?
6
Let a(q) = -249*q**2 + 1763*q + 14693. Give a(12).
-7
Let z(v) = -82485*v - 7506142. Give z(-91).
-7
Let n(s) = -s + 1423. Calculate n(1422).
1
Let y(w) = -883*w**2 + 2409*w + 4821. What is y(-2)?
-3529
Let a(l) = 2*l**3 - 8*l**2 - 110*l - 306. Give a(-7).
-614
Let u(b) = -1360*b - 30015. Give u(-22).
-95
Let h(f) = 182*f - 34801. What is h(192)?
143
Let d(p) = -p**3 - 4*p**2 + 634*p + 4764. What is d(-8)?
-52
Let b(z) = -z**3 + 310*z**2 + 75166*z - 5440. Give b(-160).
0
Let d(l) = -3*l**2 - 397*l - 10333. Give d(-98).
-239
Let f(k) = -38292*k - 382927. What is f(-10)?
-7
Let g(j) = 2889*j - 158763. Give g(55).
132
Let o(m) = 187*m**2 - 4883*m - 4879. Determine o(-1).
191
Let w(g) = -43729*g + 174961. What is w(4)?
45
Let a(z) = -2108*z - 402646. What is a(-191)?
-18
Let p(f) = -f**3 - 22*f**2 + 1756*f + 37448. Calculate p(-21).
131
Let b(x) = -x**3 + 34*x**2 + 4295*x - 113003. Determine b(25).
-3
Let k(p) = -796*p**2 + 2406*p - 72. Determine k(3).
-18
Let q(t) = -56924*t + 35975958. Calculate q(632).
-10
Let x(a) = -50840*a + 355920. What is x(7)?
40
Let p(l) = 5*l**3 - 6*l**2 - 60*l + 96. Determine p(2).
-8
Let p(l) = -153562*l + 921513. Calculate p(6).
141
Let j(s) = -s**3 + 14*s**2 + 426*s + 258. Give j(29).
-3
Let w(c) = 2*c**3 - 724*c**2 - 8720*c + 3156635. Give w(362).
-5
Let z(i) = -7*i**2 + 138*i - 558. What is z(15)?
-63
Let o(p) = -25*p**2 - 2853*p - 306. What is o(-114)?
36
Let x(p) = -p**2 + 156*p - 5846. Give x(59).
-123
Let p(n) = 6*n**3 - n**2 - 173*n - 102. Calculate p(-5).
-12
Let c(b) = 260*b + 15900. Determine c(-61).
40
Let l(z) = z**2 - 399*z - 90066. Calculate l(-161).
94
Let h(k) = 6*k**3 - 1374*k**2 - 1342*k - 8703. What is h(230)?
37
Let d(u) = -4236*u**2 + 550681*u - 157. What is d(130)?
-27
Let x(t) = -t**3 - 56*t**2 + 25*t - 250. Give x(-56).
-1650
Let j(o) = 19*o**2 + 82*o + 394. Calculate j(-5).
459
Let i(p) = -35*p**2 + 911*p - 2393. Calculate i(23).
45
Let h(y) = -y**3 + 12*y**2 + 20*y + 2141. What is h(19)?
-6
Let i(b) = 58187*b - 116385. Give i(2).
-11
Let b(h) = 116*h + 13451. Determine b(-115).
111
Let s(h) = -113*h**2 + 45453*h - 10841. Calculate s(402).
13
Let g(j) = j**2 - 197*j - 2633. Give g(-15).
547
Let j(k) = 2*k**2 - 1073*k + 135939. Calculate j(205).
24
Let t(u) = 395*u**2 + 1057*u - 422. Give t(-3).
-38
Let b(a) = -a**3 + 25*a**2 + 16173*a - 419510. Give b(26).
312
Let o(j) = j**2 + 100*j - 3936. Determine o(-116).
-2080
Let j(i) = 1655*i - 57940. What is j(35)?
-15
Let m(n) = -435*n + 14476. What is m(33)?
121
Let c(s) = 13*s**2 - 165*s - 734. What is c(16)?
-46
Let t(u) = 11*u**2 + 471*u - 308. Determine t(-41).
-1128
Let i(c) = -c**2 - 1576*c - 60020. Determine i(-39).
-77
Let b(t) = 2*t**3 - 24*t**2 - 25*t - 389. Determine b(14).
45
Let b(t) = -t**2 - 82*t + 21126. What is b(-195)?
-909
Let r(w) = 561*w + 12560. Calculate r(-22).
218
Let b(m) = -m**2 - 4096*m - 48917. Determine b(-12).
91
Let h(t) = -t**2 + 14545*t - 652490. What is h(45)?
10
Let l(z) = z**3 - 80*z**2 - 100*z + 44634. Give l(73).
31
Let x(k) = 2*k**3 + 227*k**2 - 4216*k + 9607. Calculate x(-130).
-13
Let h(y) = 971*y - 39531. Calculate h(41).
280
Let s(i) = -i**2 - 45104*i + 1986419. Give s(44).
-93
Let c(z) = -818387*z + 818370. Give c(1).
-17
Let i(m) = -2*m**2 + 95*m + 6491. Calculate i(-38).
-7
Let m(s) = -158*s**3 - 13*s**2 + 24*s + 4. Calculate m(2).
-1264
Let f(l) = -l**3 + 95*l**2 - 87*l + 8300. Determine f(95).
35
Let x(d) = 6390*d + 2057585. Determine x(-322).
5
Let d(p) = -1399*p + 55998. What is d(40)?
38
Let n(z) = -984*z - 1948. Give n(-2).
20
Let m(s) = 580*s - 4943. Calculate m(8).
-303
Let p(s) = -26653*s + 8715546. Give p(327).
15
Let b(o) = -1510*o + 21355. Determine b(14).
215
Let i(p) = 2*p**3 + 34*p**2 - 2260*p - 40033. Determine i(-18).
-1
Let j(m) = -5*m**3 - 15*m**2 - 163*m - 565. Determine j(-6).
953
Let b(x) = -x**3 - 111*x**2 + 1589*x + 103773. Calculate b(-117).
-6
Let m(v) = 6*v**2 - 90*v + 40. What is m(15)?
40
Let y(o) = -o**3 - 31*o**2 - 713*o - 7107. Calculate y(-15).
-12
Let k(d) = 146*d + 1526. Give k(-12).
-226
Let o(q) = 15132*q + 136244. Determine o(-9).
56
Let g(w) = 226*w**2 - 10160*w - 132. Calculate g(45).
318
Let h(v) = -v**2 - 46*v + 94. Determine h(0).
94
Let t(k) = 7*k**3 + 8*k**2 + 2980*k + 11936. What is t(-4)?
-304
Let q(r) = -24*r**2 - 1118*r + 5434. What is q(-51)?
28
Let n(x) = 8*x**2 + 242*x - 1479. Determine n(-35).
-149
Let s(n) = -n**2 - 22006*n - 88012. Give s(-4).
-4
Let i(a) = a**2 - 69*a + 1216. What is i(22)?
182
Let w(s) = 196*s**3 + 2560*s**2 + 160*s - 24. Give w(-13).
-76
Let o(b) = 3740*b + 18947. Give o(-5).
247
Let b(u) = 16*u**3 + 54*u**2 - 175*u - 523. What is b(-3)?
56
Let j(k) = -2*k**3 - 310*k**2 + 320*k + 1239. Determine j(-156).
-9
Let j(n) = 11*n**2 + 42*n + 7. What is j(-8)?
375
Let t(h) = -8*h**3 - 125*h**2 + 26*h + 354. Determine t(-17).
3091
Let z(v) = -69*v**3 + 199*v + 200. Determine z(-1).
70
Let q(t) = -9*t**2 + 26295*t - 26302. Give q(1).
-16
Let q(n) = -2*n**2 + 2367*n - 61525. Give q(26).
-1335
Let u(a) = 9*a**2 - 171*a - 277. Calculate u(23).
551
Let n(p) = -42*p**3 + 22464*p**2 + 3208*p + 1074. Determine n(535).
4
Let i(z) = 658*z - 89461. Calculate i(130).
-3921
Let h(y) = 36*y**2 - 636*y + 382. Give h(18).
598
Let s(k) = -3017*k - 856838. Determine s(-284).
-10
Let g(c) = 1709*c - 169167. Determine g(99).
24
Let f(i) = 2032*i**2 + 79240*i - 196. What is f(-39)?
116
Let m(y) = -3*y**3 + 123*y**2 - 70*y - 10330. Give m(38).
6
Let i(v) = -3*v**3 - 284*v**2 - 184*v + 139. What is i(-94)?
-237
Let c(z) = -z**3 + 72*z**2 - 1276*z + 205. Calculate c(41).
0
Let p(z) = z**2 - 19*z - 54. Calculate p(21).
-12
Let l(p) = 3*p**3 + 98*p**2 - 1302*p + 219. Give l(10).
-1
Let r(x) = 4*x**2 - 47*x - 156. Calculate r(-18).
1986
Let f(r) = 8211*r + 730777. Determine f(-89).
-2
Let t(j) = -10656*j + 191831. Give t(18).
23
Let g(y) = y**3 - 18*y**2 - 286*y + 318. Give g(-16).
-3810
Let p(v) = -30*v**3 + 270*v**2 - 40*v + 319. Determine p(8).
1919
Let d(o) = -2*o**2 + 1287*o - 22612. Give d(18).
-94
Let c(h) = -465*h + 535208. What is c(1151)?
-7
Let d(l) = 2*l**3 + 421*l**2 + 2257*l + 421. Calculate d(-205).
11
Let g(a) = 3*a**2 - 6825*a + 74697. Calculate g(11).
-15
Let q(l) = 3*l**3 + 23*l**2 - 211*l + 1913. Determine q(11).
6368
Let l(g) = 22822*g + 775953. What is l(-34)?
5
Let o(p) = 4*p**2 - 22*p - 8255. Determine o(-42).
-275
Let y(x) = x**2 + 25*x + 128. What is y(-9)?
-16
Let z(v) = 4*v**3 - 4*v**2 + 54858*v - 54856. What is z(1)?
2
Let n(u) = -46*u**2 - 93770*u + 48935. Calculate n(-2039).
-1
Let f(j) = -8706*j - 531090. Determine f(-61).
-24
Let w(x) = -2*x**3 + 218*x**2 + 1551*x - 146444. Calculate w(110).
-34
Let w(c) = -c**3 - 32*c**2 + 353*c - 268. Calculate w(-39).
-3388
Let u(w) = 11*w**3 - 133*w**2 + 233*w - 2885. Determine u(12).
-233
Let o(r) = 74*r**3 + 10953*r**2 + 131*r - 2490. What is o(-148)?
26
Let x(l) = 2*l**2 + 286*l - 5029. What is x(19)?
1127
Let w(v) = -8*v**2 - 1313*v - 27954. Give w(-139).
-15
Let s(p) = -p**3 - 26*p**2 + 73*p + 2587. What is s(-21)?
-1151
Let w(d) = 13868*d - 3342180. Give w(241).
8
Let o(g) = g**3 - 105*g**2 + 68*g - 7133. Give o(105).
7
Let v(l) = -9*l**3 + 152*l**2 - 1728*l + 6834. What is v(6)?
-6
Let u(b) = 6334*b + 57009. Determine u(-9).
3
Let w(h) = -h**3 + 351*h**2 - 5467*h + 23. What is w(16)?
-1689
Let j(o) = -o**2 - 124*o + 13909. What is j(71)?
64
Let x(j) = 40*j + 115. Determine x(10).
515
Let u(n) = -77*n**3 + 25871*n**2 + 337*n - 189. Determine u(336).
147
Let f(p) = -p**3 + 278*p**2 + 4399*p + 65. Calculate f(-15).
5
Let f(o) = -3*o**2 - 3328*o - 23296. Give f(-